on factor of s and p.
29
Let k be 201 + -3*7/(-3). Calculate the highest common factor of 156 and k.
52
Let x be 1 + 76 - 12/(-12). Let s = x - 66. What is the greatest common factor of 48 and s?
12
Suppose 5*x = 3*p + p - 374, 3*x = 6. Calculate the greatest common factor of p and 84.
12
Suppose 7*x + 4*x + 231 = 0. Let l be 4995/35 + (-6)/x. Calculate the greatest common factor of l and 13.
13
Suppose -22*k + 792 = -18*k. Suppose -5*f + 2*f = -9. Suppose 0 = -f*d - 15, -2*w - 5*d - 3 = -w. Calculate the greatest common divisor of w and k.
22
Suppose 0 = 3*f + 2*w + w - 54, 3*f - 54 = 4*w. Suppose -f = h + 5*h. Let s be (-217)/h + 3/(-9). What is the greatest common factor of s and 24?
24
Suppose 26 - 152 = -3*d. Let r = 6 + -3. Let m be -1 + 2 - (r - 65). Calculate the highest common divisor of d and m.
21
Let z(r) = r**3 + 10*r**2 - r + 2. Let s be z(-5). Calculate the greatest common factor of 44 and s.
44
Let a = -2 - -5. Let o be 4/14 - 3435/(-105). What is the highest common divisor of o and a?
3
Suppose 3*y - 19 = -5*h, h - 15 = -5*y + 2. Suppose -5*u = -4*t + 124, -14 = t - u - 44. What is the greatest common divisor of t and h?
2
Let a be (90/2)/(4/(-44)*-11). Calculate the highest common divisor of 18 and a.
9
Let z be -2 - ((-96)/3 - -3). What is the greatest common divisor of z and 3?
3
Let y(z) = 6*z + 2*z**2 - 275 + 305 + 8*z. Let f be y(-7). Calculate the greatest common divisor of f and 10.
10
Let r(a) = -22*a**3 + 3*a**2 + 8*a + 3. Let q be r(-1). What is the highest common factor of 220 and q?
20
Let u be 42/2*-2*(-5)/35. Let w(x) = x**2 + 6*x + 5. Let z be w(-7). Calculate the greatest common factor of z and u.
6
Suppose -5*l + 22 = -158. Let k = 468 - 414. What is the highest common divisor of l and k?
18
Suppose -108*f + 106*f + 638 = 0. Calculate the greatest common factor of f and 11.
11
Let m(l) = -6*l**3 + 13*l**2 + 42*l. Let h be m(-4). What is the highest common divisor of h and 40?
8
Let i(r) = 6*r - 194. Let z be i(35). What is the highest common divisor of 464 and z?
16
Let n(m) = -5*m - 23. Let p be n(-9). Calculate the highest common factor of 352 and p.
22
Let x(n) = -n**3 + 12*n**2 - 28*n + 7. Let r be x(6). What is the highest common factor of 35 and r?
5
Let g(v) = v**2 + 6*v + 69. Let z be g(-12). What is the greatest common factor of z and 3?
3
Let k(g) = -79*g + 32. Let o be k(-6). Calculate the highest common divisor of 46 and o.
46
Suppose 5*k = 2*k + 18. Suppose 0 = 5*m - g + 131, -2*g - 2*g + 38 = -2*m. Let r = 36 + m. Calculate the greatest common factor of r and k.
3
Let i be (-1646)/(-10) - 56/(-140). What is the greatest common divisor of i and 300?
15
Let m(b) = -271*b**3 + 2*b**2 + 3*b + 5. Let c be m(-1). Calculate the greatest common factor of c and 75.
25
Let t(x) = x**3 - 6*x**2 - 22*x - 12. Let p be t(9). Calculate the highest common divisor of 11 and p.
11
Let q be (-17)/(-5) - 2/5. Let y(w) = w**3 - 5*w + 3. Let s be y(q). What is the greatest common factor of s and 105?
15
Let f = 19 + -22. Let b be 2392/69 - 1/f. Calculate the greatest common divisor of 5 and b.
5
Let k be 4/3 + 130/(-30). Let b be (5*k/(-2))/((-13)/(-260)). Calculate the highest common divisor of b and 60.
30
Suppose -4*c + 5*r - 55 = -366, -89 = -c + 5*r. Let g be (2 + c/(-4))/((-2)/4). Calculate the highest common divisor of 297 and g.
33
Let m = -81 - -22. Let v = m + 34. Let l = v - -46. Calculate the greatest common divisor of 21 and l.
21
Let d(u) = 7*u**2 + 2. Let r be d(-2). Let j be (-24 + -16)*42/(-8). What is the greatest common divisor of j and r?
30
Let z(x) = -9*x + 10. Let a be z(-9). Let m(l) = -l**2 + 3*l + 4. Let s be m(3). Suppose 0 = -b + s*b - 39. What is the greatest common divisor of b and a?
13
Let h(a) = -a**3 + 2*a + 30. Let b be h(0). Suppose 3*k + 3*r - b = 0, 2*r + 4 = -k + 9. Calculate the highest common factor of 10 and k.
5
Let p = -19 - -43. Suppose 26*c = -44*c - 36*c + 1696. Calculate the greatest common divisor of p and c.
8
Suppose -51 - 3 = -3*s. Suppose 4*f = -0*j + j + 10, 0 = -4*j - 8. Suppose -4*u - f*p + 612 = 32, p + 430 = 3*u. Calculate the highest common factor of u and s.
18
Let u(a) = -a**3 - 5*a**2 - 6*a - 5. Let j be u(-4). Suppose -j*t + 22 = -23. Suppose -3*x + 4*x = 15. Calculate the greatest common divisor of t and x.
15
Let c = 3 + 69. Let u be (-993)/(-111) - (-12)/222. Calculate the greatest common factor of c and u.
9
Let l(b) = -2*b + 14. Let u be l(-5). Calculate the highest common factor of 24 and u.
24
Suppose -15*f = -13*f + 2. Let n(u) = 79*u**2 + 1. Let c be n(f). Calculate the greatest common divisor of 10 and c.
10
Let v(u) = 2*u**3 + 79*u**2 - 133*u - 274. Let j be v(-41). Let i(k) = -3*k + 2. Let f be i(-2). Calculate the highest common divisor of j and f.
8
Suppose -4*q = 5*h + 336, h + 25 + 27 = 3*q. Let b = 124 + h. What is the highest common divisor of b and 15?
15
Let a = -211 + 388. Calculate the greatest common factor of 236 and a.
59
Let i(g) = 66*g - 369. Let z be i(15). What is the greatest common factor of 23 and z?
23
Suppose 33*f = -2*f + 280. What is the highest common factor of 584 and f?
8
Let w(f) = 1 + 2*f - 10*f**2 - 3 - 5 + 9*f**2. Let j be w(9). Let z = j - -98. Calculate the highest common divisor of z and 14.
14
Let j = -23 + 28. Suppose -2*a - 4*l + j*l + 115 = 0, -4*a + 245 = -5*l. What is the highest common factor of 33 and a?
11
Let w be (0 + (5 - 2))/(14 - 13). Let p be (-361)/(-4) - (-3)/(-12). Let y = p + -63. Calculate the highest common factor of y and w.
3
Let q be 60/75*(-15)/(-6). What is the highest common divisor of q and 54?
2
Let d(p) = 8*p**2 - 15*p - 115. Let a be d(-5). What is the greatest common factor of 5 and a?
5
Let k(f) = -64*f - 2. Let m be k(-1). Let a be 3/(-2 - m/(-30)). What is the highest common divisor of 15 and a?
15
Suppose -9*p + 63 - 36 = 0. Suppose 2*u = -p*w - 0*w + 257, -9 = 3*w. Calculate the greatest common divisor of 19 and u.
19
Suppose 2*v - 2262 + 1450 = 0. What is the greatest common factor of v and 7?
7
Let y = -17 + 33. What is the greatest common factor of 216 and y?
8
Suppose -2*l - h = -3*h - 30, h = -5. Suppose -14*a + l*a = 8. Let p be (-19 + 24)*(-16)/a. Calculate the greatest common factor of p and 20.
20
Let u(w) = 2*w + 40. Let m be u(-6). Suppose 2*t - 6 = 22. Calculate the highest common divisor of t and m.
14
Let d be -5 - -3 - (1 - -21). Let z be (2/(-12))/(4/d). What is the greatest common factor of z and 9?
1
Let d(n) = -n**2 + 13*n + 9. Let i be d(10). Suppose -3*v = -19 + 4, -3*j = 2*v - 19. Calculate the highest common factor of j and i.
3
Suppose 14*n = 124 - 26. Calculate the highest common divisor of n and 315.
7
Suppose -10*g = -9*g + 31. Let o = g - -45. What is the highest common factor of 28 and o?
14
Let v = 14625 + -14589. Let f(i) = -i**2 - 16*i - 9. Let x be f(-7). What is the highest common factor of v and x?
18
Suppose -b + 55 = -o, -4*o - 2 - 6 = 0. What is the highest common factor of b and 689?
53
Let g = 809 + -778. What is the highest common divisor of g and 217?
31
Let n be 32/(-12)*(-18 - 0). Suppose -269 = -62*r + 103. What is the highest common divisor of r and n?
6
Suppose -h - 3 = -3*k + 2, 15 = 3*k. Let g = 32 - 22. Calculate the highest common factor of h and g.
10
Suppose 5*m + 3*h - 17 = 0, -209*m - h + 11 = -206*m. Suppose -z + 42 + 42 = 0. Calculate the highest common factor of m and z.
4
Suppose -s + 4*s - 33 = 0. Suppose s + 28 = 3*g. Calculate the greatest common divisor of 247 and g.
13
Suppose -3*u - 77 - 746 = 5*z, -5*u + 521 = -3*z. Let b = z - -303. What is the highest common divisor of b and 17?
17
Let x = 91 + 229. Calculate the highest common divisor of 40 and x.
40
Let b(y) = 2*y**2 - 1 + 4*y**2 - 7*y**2 + 8*y. Let v be b(8). Let a(r) = 2*r**2 - r. Let j be a(v). What is the greatest common divisor of j and 33?
3
Let y = 234 + -230. Calculate the greatest common factor of 52 and y.
4
Let h = 200 - 176. Calculate the greatest common divisor of h and 216.
24
Let r = -1439 + 1481. What is the greatest common factor of 294 and r?
42
Suppose 2*q + 20 = -2*q. Let s(d) = d + 7. Let i be s(q). Suppose 29*g - 30 = 26*g. What is the highest common divisor of i and g?
2
Let l(x) = 5*x + 15. Suppose 0 = 5*j - 286 + 296. Let m b